{"id":100,"date":"2023-04-09T13:56:12","date_gmt":"2023-04-09T13:56:12","guid":{"rendered":"https:\/\/campagne-salettes.com\/?page_id=100"},"modified":"2023-04-09T16:18:47","modified_gmt":"2023-04-09T16:18:47","slug":"actualite","status":"publish","type":"page","link":"https:\/\/campagne-salettes.com\/","title":{"rendered":"Bienvenus en Provence"},"content":{"rendered":"\n<p>Une campagne du XVII de 350 m2 au luxe simple, pour de belles vacances proven\u00e7ales en famille ou entre amis. Une grande maison familiale \u00ab\u00a0la Bastide\u00a0\u00bb, un \u00ab\u00a0Bastidon\u00a0\u00bb, une \u00ab\u00a0Annexe\u00a0\u00bb, une piscine s\u00e9curis\u00e9e ainsi qu&rsquo;un jacuzzi se c\u00f4toient autour d&rsquo;un magnifique parc arbor\u00e9 (6000 m2 cl\u00f4tur\u00e9) avec sa prairie. Les quelques pas qui s\u00e9parent ces trois habitations vous permettent de cultiver votre tranquillit\u00e9. <\/p>\n\n\n\n<p>Une campagne proven\u00e7ale id\u00e9ale pour faire la cigale et pour les amoureux de lieux avec une \u00e2me. Capacit\u00e9 d&rsquo;accueil 12 personnes sur l&rsquo;ensemble de la propri\u00e9t\u00e9 (3 maisons individuelles).<\/p>\n\n\n\n<h3 class=\"wp-block-heading\"><strong>la Bastide<\/strong><\/h3>\n\n\n\n<p>Capacit\u00e9 d&rsquo;accueil 6 personnes : 3 chambres, 4 lits, 3 salles de bain.<\/p>\n\n\n\n<figure class=\"wp-block-image is-resized\"><a href=\"https:\/\/campagne-salettes.com\/?page_id=105\"><img loading=\"lazy\" decoding=\"async\" src=\"https:\/\/campagne-salettes.com\/wp-content\/uploads\/2023\/04\/IMG_7212-1024x768.jpg\" alt=\"\" class=\"wp-image-40\" width=\"674\" height=\"505\" srcset=\"https:\/\/campagne-salettes.com\/wp-content\/uploads\/2023\/04\/IMG_7212-1024x768.jpg 1024w, https:\/\/campagne-salettes.com\/wp-content\/uploads\/2023\/04\/IMG_7212-300x225.jpg 300w, https:\/\/campagne-salettes.com\/wp-content\/uploads\/2023\/04\/IMG_7212-768x576.jpg 768w, https:\/\/campagne-salettes.com\/wp-content\/uploads\/2023\/04\/IMG_7212-1536x1152.jpg 1536w, https:\/\/campagne-salettes.com\/wp-content\/uploads\/2023\/04\/IMG_7212-973x730.jpg 973w, https:\/\/campagne-salettes.com\/wp-content\/uploads\/2023\/04\/IMG_7212-508x381.jpg 508w, https:\/\/campagne-salettes.com\/wp-content\/uploads\/2023\/04\/IMG_7212.jpg 2016w\" sizes=\"auto, (max-width: 674px) 100vw, 674px\" \/><\/a><\/figure>\n\n\n\n<h3 class=\"wp-block-heading\"><strong>le Bastidon<\/strong><\/h3>\n\n\n\n<p>Capacit\u00e9 d&rsquo;accueil 4 personnes : 2 chambres, 3 lits, 2 salles de bain.<\/p>\n\n\n\n<figure class=\"wp-block-image\"><a href=\"https:\/\/campagne-salettes.com\/?page_id=108\"><img decoding=\"async\" src=\"https:\/\/campagne-salettes.com\/wp-content\/uploads\/2023\/04\/2-1024x683.jpeg\" alt=\"le Bastidon\" class=\"wp-image-177\"\/><\/a><\/figure>\n\n\n\n<h3 class=\"wp-block-heading\"><strong>l&rsquo;Annexe<\/strong><\/h3>\n\n\n\n<p>Capacit\u00e9 d&rsquo;accueil 2 personnes : 1 chambre, 1 lits, 1 salle de bain.<\/p>\n\n\n\n<figure class=\"wp-block-image is-resized\"><a href=\"https:\/\/campagne-salettes.com\/?page_id=110\"><img loading=\"lazy\" decoding=\"async\" src=\"https:\/\/campagne-salettes.com\/wp-content\/uploads\/2023\/04\/IMG_7197-1024x768.jpg\" alt=\"L'a\" class=\"wp-image-31\" width=\"674\" height=\"505\" srcset=\"https:\/\/campagne-salettes.com\/wp-content\/uploads\/2023\/04\/IMG_7197-1024x768.jpg 1024w, https:\/\/campagne-salettes.com\/wp-content\/uploads\/2023\/04\/IMG_7197-300x225.jpg 300w, https:\/\/campagne-salettes.com\/wp-content\/uploads\/2023\/04\/IMG_7197-768x576.jpg 768w, https:\/\/campagne-salettes.com\/wp-content\/uploads\/2023\/04\/IMG_7197-1536x1152.jpg 1536w, https:\/\/campagne-salettes.com\/wp-content\/uploads\/2023\/04\/IMG_7197-973x730.jpg 973w, https:\/\/campagne-salettes.com\/wp-content\/uploads\/2023\/04\/IMG_7197-508x381.jpg 508w, https:\/\/campagne-salettes.com\/wp-content\/uploads\/2023\/04\/IMG_7197.jpg 2016w\" sizes=\"auto, (max-width: 674px) 100vw, 674px\" \/><\/a><\/figure>\n","protected":false},"excerpt":{"rendered":"<p>Une campagne du XVII de 350 m2 au luxe simple, pour de belles vacances proven\u00e7ales en famille ou entre amis. Une grande maison familiale \u00ab\u00a0la Bastide\u00a0\u00bb, un \u00ab\u00a0Bastidon\u00a0\u00bb, une \u00ab\u00a0Annexe\u00a0\u00bb, une piscine s\u00e9curis\u00e9e ainsi qu&rsquo;un jacuzzi se c\u00f4toient autour d&rsquo;un magnifique parc arbor\u00e9 (6000 m2 cl\u00f4tur\u00e9) avec sa prairie. Les quelques pas qui s\u00e9parent ces &hellip; <\/p>\n<p class=\"link-more\"><a href=\"https:\/\/campagne-salettes.com\/\" class=\"more-link\">Continuer la lecture<span class=\"screen-reader-text\"> de &laquo;&nbsp;Bienvenus en Provence&nbsp;&raquo;<\/span><\/a><\/p>\n","protected":false},"author":1,"featured_media":0,"parent":0,"menu_order":0,"comment_status":"closed","ping_status":"closed","template":"","meta":{"footnotes":""},"class_list":["post-100","page","type-page","status-publish","hentry"],"_links":{"self":[{"href":"https:\/\/campagne-salettes.com\/index.php?rest_route=\/wp\/v2\/pages\/100","targetHints":{"allow":["GET"]}}],"collection":[{"href":"https:\/\/campagne-salettes.com\/index.php?rest_route=\/wp\/v2\/pages"}],"about":[{"href":"https:\/\/campagne-salettes.com\/index.php?rest_route=\/wp\/v2\/types\/page"}],"author":[{"embeddable":true,"href":"https:\/\/campagne-salettes.com\/index.php?rest_route=\/wp\/v2\/users\/1"}],"replies":[{"embeddable":true,"href":"https:\/\/campagne-salettes.com\/index.php?rest_route=%2Fwp%2Fv2%2Fcomments&post=100"}],"version-history":[{"count":32,"href":"https:\/\/campagne-salettes.com\/index.php?rest_route=\/wp\/v2\/pages\/100\/revisions"}],"predecessor-version":[{"id":266,"href":"https:\/\/campagne-salettes.com\/index.php?rest_route=\/wp\/v2\/pages\/100\/revisions\/266"}],"wp:attachment":[{"href":"https:\/\/campagne-salettes.com\/index.php?rest_route=%2Fwp%2Fv2%2Fmedia&parent=100"}],"curies":[{"name":"wp","href":"https:\/\/api.w.org\/{rel}","templated":true}]}}